{"id":2999,"date":"2023-01-20T14:40:00","date_gmt":"2023-01-20T13:40:00","guid":{"rendered":"https:\/\/www.larazza.it\/lalto-appennino-e-il-parco-del-gigante\/"},"modified":"2023-01-20T14:40:00","modified_gmt":"2023-01-20T13:40:00","slug":"lalto-appennino-e-il-parco-del-gigante","status":"publish","type":"page","link":"https:\/\/www.larazza.it\/en\/activities\/territory\/lalto-appennino-e-il-parco-del-gigante\/","title":{"rendered":"L&#8217;alto Appennino e il Parco del Gigante"},"content":{"rendered":"<div class=\"fusion-fullwidth fullwidth-box fusion-builder-row-1 fusion-flex-container has-pattern-background has-mask-background nonhundred-percent-fullwidth non-hundred-percent-height-scrolling\" style=\"--awb-border-radius-top-left:0px;--awb-border-radius-top-right:0px;--awb-border-radius-bottom-right:0px;--awb-border-radius-bottom-left:0px;--awb-padding-right:0px;--awb-padding-left:0px;--awb-flex-wrap:wrap;\" ><div class=\"fusion-builder-row fusion-row fusion-flex-align-items-flex-start fusion-flex-content-wrap\" style=\"max-width:1248px;margin-left: calc(-4% \/ 2 );margin-right: calc(-4% \/ 2 );\"><div class=\"fusion-layout-column fusion_builder_column fusion-builder-column-0 fusion_builder_column_1_1 1_1 fusion-flex-column\" style=\"--awb-bg-size:cover;--awb-width-large:100%;--awb-margin-top-large:0px;--awb-spacing-right-large:1.92%;--awb-margin-bottom-large:20px;--awb-spacing-left-large:1.92%;--awb-width-medium:100%;--awb-order-medium:0;--awb-spacing-right-medium:1.92%;--awb-spacing-left-medium:1.92%;--awb-width-small:100%;--awb-order-small:0;--awb-spacing-right-small:1.92%;--awb-spacing-left-small:1.92%;\"><div class=\"fusion-column-wrapper fusion-column-has-shadow fusion-flex-justify-content-flex-start fusion-content-layout-column\"><div class=\"fusion-image-element \" style=\"--awb-margin-bottom:2em;--awb-caption-title-font-family:var(--h2_typography-font-family);--awb-caption-title-font-weight:var(--h2_typography-font-weight);--awb-caption-title-font-style:var(--h2_typography-font-style);--awb-caption-title-size:var(--h2_typography-font-size);--awb-caption-title-transform:var(--h2_typography-text-transform);--awb-caption-title-line-height:var(--h2_typography-line-height);--awb-caption-title-letter-spacing:var(--h2_typography-letter-spacing);\"><span class=\" fusion-imageframe imageframe-none imageframe-1 hover-type-none\"><img decoding=\"async\" width=\"1920\" height=\"1080\" title=\"crinale_01 (1)\" src=\"https:\/\/www.larazza.it\/wp-content\/uploads\/2023\/01\/crinale_01-1.jpg\" alt class=\"img-responsive wp-image-2909\" srcset=\"https:\/\/www.larazza.it\/wp-content\/uploads\/2023\/01\/crinale_01-1-200x113.jpg 200w, https:\/\/www.larazza.it\/wp-content\/uploads\/2023\/01\/crinale_01-1-400x225.jpg 400w, https:\/\/www.larazza.it\/wp-content\/uploads\/2023\/01\/crinale_01-1-600x338.jpg 600w, https:\/\/www.larazza.it\/wp-content\/uploads\/2023\/01\/crinale_01-1-800x450.jpg 800w, https:\/\/www.larazza.it\/wp-content\/uploads\/2023\/01\/crinale_01-1-1200x675.jpg 1200w, https:\/\/www.larazza.it\/wp-content\/uploads\/2023\/01\/crinale_01-1.jpg 1920w\" sizes=\"(max-width: 640px) 100vw, 1200px\" \/><\/span><\/div><div class=\"fusion-text fusion-text-1\"><p>Il Parco Nazionale dell\u2019Appennino Tosco Emiliano o Parco del Gigante, secondo la denominazione in uso, \u00e8 uno dei pi\u00f9 estesi fra quelli emiliani e racchiude al suo interno una grande variet\u00e0 di luoghi e ambienti di elevato valore naturalistico e paesaggistico. Ne fanno parte alcune fra le cime pi\u00f9 alte della catena appenninica settentrionale, dalle quali si godono vasti panorami su valli impervie, estesi boschi e ampie praterie in sommit\u00e0. Un\u2019ampia rete di rifugi consente agli escursionisti di trovare ristoro lungo i numerosi camminamenti tracciati.<\/p>\n<p>I parco \u00e8 ricco di specie animali di grande interesse, legate soprattutto agli ecosistemi di alta quota. Nel Parco sono visibili numerose forme di architettura montana, soprattutto costituite da case in pietra e alcuni edifici di servizio in pietra, un tempo con un caratteristico tetto in paglia. Nei boschi si incontrano spesso piccole costruzioni in pietra chiamati \u201cmetati\u201d che servivano ad asciugare le castagne raccolte nei numerosi castagneti dell\u2019appennino, per farne farina, un tempo insostituibile riserva di amidi, necessari per affrontare i rigori dell\u2019inverno.<\/p>\n<p>A Cervarezza, inserito nel Parco delle Fonti, nei pressi di Busana ove ha sede il parco, esiste una struttura che ha pochissimi simili in Italia. \u00c8\u00a0<em>Cerwood,<\/em>\u00a0un parco acrobatico di divertimenti per grandi e piccini, , ove tra liane, ponti tibetani, funi a varie altezze, ed altre difficolt\u00e0 del genere, chiunque si pu\u00f2 sentire un emulo di Indiana Jones, ma in completa sicurezza ed all\u2019insegna del divertimento \u201cal naturale\u201d. Durante l\u2019inverno sono ben cinque le stazioni sciistiche attrezzate per gli sport invernali, dalla sci alpino allo sci di fondo, compreso il palazzo del ghiaccio a Cerreto Laghi.<\/p>\n<\/div><\/div><\/div><\/div><\/div>\n","protected":false},"excerpt":{"rendered":"","protected":false},"author":1,"featured_media":0,"parent":3014,"menu_order":5,"comment_status":"closed","ping_status":"closed","template":"100-width.php","meta":{"footnotes":""},"class_list":["post-2999","page","type-page","status-publish","hentry"],"_links":{"self":[{"href":"https:\/\/www.larazza.it\/en\/wp-json\/wp\/v2\/pages\/2999","targetHints":{"allow":["GET"]}}],"collection":[{"href":"https:\/\/www.larazza.it\/en\/wp-json\/wp\/v2\/pages"}],"about":[{"href":"https:\/\/www.larazza.it\/en\/wp-json\/wp\/v2\/types\/page"}],"author":[{"embeddable":true,"href":"https:\/\/www.larazza.it\/en\/wp-json\/wp\/v2\/users\/1"}],"replies":[{"embeddable":true,"href":"https:\/\/www.larazza.it\/en\/wp-json\/wp\/v2\/comments?post=2999"}],"version-history":[{"count":0,"href":"https:\/\/www.larazza.it\/en\/wp-json\/wp\/v2\/pages\/2999\/revisions"}],"up":[{"embeddable":true,"href":"https:\/\/www.larazza.it\/en\/wp-json\/wp\/v2\/pages\/3014"}],"wp:attachment":[{"href":"https:\/\/www.larazza.it\/en\/wp-json\/wp\/v2\/media?parent=2999"}],"curies":[{"name":"wp","href":"https:\/\/api.w.org\/{rel}","templated":true}]}}

<div class="fusion-fullwidth fullwidth-box fusion-builder-row-1 fusion-flex-container has-pattern-background has-mask-background nonhundred-percent-fullwidth non-hundred-percent-height-scrolling" style="--awb-border-radius-top-left:0px;--awb-border-radius-top-right:0px;--awb-border-radius-bottom-right:0px;--awb-border-radius-bottom-left:0px;--awb-padding-right:0px;--awb-padding-left:0px;--awb-flex-wrap:wrap;" ><div class="fusion-builder-row fusion-row fusion-flex-align-items-flex-start fusion-flex-content-wrap" style="max-width:1248px;margin-left: calc(-4% / 2 );margin-right: calc(-4% / 2 );"><div class="fusion-layout-column fusion_builder_column fusion-builder-column-0 fusion_builder_column_1_1 1_1 fusion-flex-column" style="--awb-bg-size:cover;--awb-width-large:100%;--awb-margin-top-large:0px;--awb-spacing-right-large:1.92%;--awb-margin-bottom-large:20px;--awb-spacing-left-large:1.92%;--awb-width-medium:100%;--awb-order-medium:0;--awb-spacing-right-medium:1.92%;--awb-spacing-left-medium:1.92%;--awb-width-small:100%;--awb-order-small:0;--awb-spacing-right-small:1.92%;--awb-spacing-left-small:1.92%;"><div class="fusion-column-wrapper fusion-column-has-shadow fusion-flex-justify-content-flex-start fusion-content-layout-column"><div class="fusion-image-element " style="--awb-margin-bottom:2em;--awb-caption-title-font-family:var(--h2_typography-font-family);--awb-caption-title-font-weight:var(--h2_typography-font-weight);--awb-caption-title-font-style:var(--h2_typography-font-style);--awb-caption-title-size:var(--h2_typography-font-size);--awb-caption-title-transform:var(--h2_typography-text-transform);--awb-caption-title-line-height:var(--h2_typography-line-height);--awb-caption-title-letter-spacing:var(--h2_typography-letter-spacing);"><span class=" fusion-imageframe imageframe-none imageframe-1 hover-type-none"><img decoding="async" width="1920" height="1080" title="crinale_01 (1)" src="https://www.larazza.it/wp-content/uploads/2023/01/crinale_01-1.jpg" alt class="img-responsive wp-image-2909" srcset="https://www.larazza.it/wp-content/uploads/2023/01/crinale_01-1-200x113.jpg 200w, https://www.larazza.it/wp-content/uploads/2023/01/crinale_01-1-400x225.jpg 400w, https://www.larazza.it/wp-content/uploads/2023/01/crinale_01-1-600x338.jpg 600w, https://www.larazza.it/wp-content/uploads/2023/01/crinale_01-1-800x450.jpg 800w, https://www.larazza.it/wp-content/uploads/2023/01/crinale_01-1-1200x675.jpg 1200w, https://www.larazza.it/wp-content/uploads/2023/01/crinale_01-1.jpg 1920w" sizes="(max-width: 640px) 100vw, 1200px" /></span></div><div class="fusion-text fusion-text-1"><p>Il Parco Nazionale dell’Appennino Tosco Emiliano o Parco del Gigante, secondo la denominazione in uso, è uno dei più estesi fra quelli emiliani e racchiude al suo interno una grande varietà di luoghi e ambienti di elevato valore naturalistico e paesaggistico. Ne fanno parte alcune fra le cime più alte della catena appenninica settentrionale, dalle quali si godono vasti panorami su valli impervie, estesi boschi e ampie praterie in sommità. Un’ampia rete di rifugi consente agli escursionisti di trovare ristoro lungo i numerosi camminamenti tracciati.</p>
<p>I parco è ricco di specie animali di grande interesse, legate soprattutto agli ecosistemi di alta quota. Nel Parco sono visibili numerose forme di architettura montana, soprattutto costituite da case in pietra e alcuni edifici di servizio in pietra, un tempo con un caratteristico tetto in paglia. Nei boschi si incontrano spesso piccole costruzioni in pietra chiamati “metati” che servivano ad asciugare le castagne raccolte nei numerosi castagneti dell’appennino, per farne farina, un tempo insostituibile riserva di amidi, necessari per affrontare i rigori dell’inverno.</p>
<p>A Cervarezza, inserito nel Parco delle Fonti, nei pressi di Busana ove ha sede il parco, esiste una struttura che ha pochissimi simili in Italia. È <em>Cerwood,</em> un parco acrobatico di divertimenti per grandi e piccini, , ove tra liane, ponti tibetani, funi a varie altezze, ed altre difficoltà del genere, chiunque si può sentire un emulo di Indiana Jones, ma in completa sicurezza ed all’insegna del divertimento “al naturale”. Durante l’inverno sono ben cinque le stazioni sciistiche attrezzate per gli sport invernali, dalla sci alpino allo sci di fondo, compreso il palazzo del ghiaccio a Cerreto Laghi.</p>
</div></div></div></div></div>
