{"id":2989,"date":"2023-01-20T16:20:56","date_gmt":"2023-01-20T15:20:56","guid":{"rendered":"https:\/\/www.larazza.it\/fiere-mercati-sagre-e-feste-popolari\/"},"modified":"2023-01-20T16:20:56","modified_gmt":"2023-01-20T15:20:56","slug":"fiere-mercati-sagre-e-feste-popolari","status":"publish","type":"page","link":"https:\/\/www.larazza.it\/en\/activities\/territory\/fiere-mercati-sagre-e-feste-popolari\/","title":{"rendered":"Fiere, mercati, sagre e feste popolari"},"content":{"rendered":"<div class=\"fusion-fullwidth fullwidth-box fusion-builder-row-1 fusion-flex-container has-pattern-background has-mask-background nonhundred-percent-fullwidth non-hundred-percent-height-scrolling\" style=\"--awb-border-radius-top-left:0px;--awb-border-radius-top-right:0px;--awb-border-radius-bottom-right:0px;--awb-border-radius-bottom-left:0px;--awb-padding-right:0px;--awb-padding-left:0px;--awb-flex-wrap:wrap;\" ><div class=\"fusion-builder-row fusion-row fusion-flex-align-items-flex-start fusion-flex-content-wrap\" style=\"max-width:1248px;margin-left: calc(-4% \/ 2 );margin-right: calc(-4% \/ 2 );\"><div class=\"fusion-layout-column fusion_builder_column fusion-builder-column-0 fusion_builder_column_1_1 1_1 fusion-flex-column\" style=\"--awb-bg-size:cover;--awb-width-large:100%;--awb-margin-top-large:0px;--awb-spacing-right-large:1.92%;--awb-margin-bottom-large:20px;--awb-spacing-left-large:1.92%;--awb-width-medium:100%;--awb-order-medium:0;--awb-spacing-right-medium:1.92%;--awb-spacing-left-medium:1.92%;--awb-width-small:100%;--awb-order-small:0;--awb-spacing-right-small:1.92%;--awb-spacing-left-small:1.92%;\"><div class=\"fusion-column-wrapper fusion-column-has-shadow fusion-flex-justify-content-flex-start fusion-content-layout-column\"><div class=\"fusion-image-element \" style=\"--awb-margin-bottom:2em;--awb-caption-title-font-family:var(--h2_typography-font-family);--awb-caption-title-font-weight:var(--h2_typography-font-weight);--awb-caption-title-font-style:var(--h2_typography-font-style);--awb-caption-title-size:var(--h2_typography-font-size);--awb-caption-title-transform:var(--h2_typography-text-transform);--awb-caption-title-line-height:var(--h2_typography-line-height);--awb-caption-title-letter-spacing:var(--h2_typography-letter-spacing);\"><span class=\" fusion-imageframe imageframe-none imageframe-1 hover-type-none\"><img decoding=\"async\" width=\"1920\" height=\"1291\" title=\"MERCATO (1)\" src=\"https:\/\/www.larazza.it\/wp-content\/uploads\/2023\/01\/MERCATO-1.jpg\" alt class=\"img-responsive wp-image-2920\" srcset=\"https:\/\/www.larazza.it\/wp-content\/uploads\/2023\/01\/MERCATO-1-200x134.jpg 200w, https:\/\/www.larazza.it\/wp-content\/uploads\/2023\/01\/MERCATO-1-400x269.jpg 400w, https:\/\/www.larazza.it\/wp-content\/uploads\/2023\/01\/MERCATO-1-600x403.jpg 600w, https:\/\/www.larazza.it\/wp-content\/uploads\/2023\/01\/MERCATO-1-800x538.jpg 800w, https:\/\/www.larazza.it\/wp-content\/uploads\/2023\/01\/MERCATO-1-1200x807.jpg 1200w, https:\/\/www.larazza.it\/wp-content\/uploads\/2023\/01\/MERCATO-1.jpg 1920w\" sizes=\"(max-width: 640px) 100vw, 1200px\" \/><\/span><\/div><div class=\"fusion-text fusion-text-1\"><p>Molte sono, nel Reggiano, le feste tradizionali che uniscono il folclore al commercio, la curiosit\u00e0 allo svago.<\/p>\n<p>La sagra di san Prospero a Reggio Emilia, il 24 novembre (festa del patrono), \u00e8 una ricorrenza molto sentita. All\u2019interno della citt\u00e0, la piazza dedicata al santo, su cui si affaccia la basilica che conserva le sue reliquie, e tutto il centro cittadino si riempiono di bancarelle e di venditori di caldarroste.<br \/>\nLa sagra della Ghiara, ancora a Reggio Emilia (1\u00aa\u00a0settimana di settembre), si svolge davanti al santuario di corso Garibaldi, restaurato in occasione del quarto centenario del miracolo della Ghiara. A contorno, bancarelle e la mostra-mercato dell\u2019artigianato artistico e tradizionale.<\/p>\n<p>L\u2019attrazione principale della fiera autunnale di S. Simone a Montecchio Emilia (26-28 ottobre), \u00e8 la rassegna dell\u2019antiquariato, che ha raggiunto importanza nazionale. La centenaria fiera di S. Giuseppe, a Scandiano (18-25 marzo), \u00e8 una mostra campionaria con esposizione di merci, prodotti tipici e antiche macchine agricole. La fiera di S. Michele di Castelnovo n\u00e9 Monti (27-29 settembre), istituita nel settembre del 1741 come fiera di merci e di bestiame, \u00e8 la pi\u00f9 importante manifestazione dell\u2019Appennino reggiano, con la sua tradizionale mostra bovina della razza bruna. La fiera del Parmigiano-Reggiano a Casina (1\u00aa settimana di agosto) ruota attorno alla cottura in piazza di questo formaggio, eseguita da esperti casari con l\u2019ausilio di un\u2019antica macchina a vapore. La fiera ospita anche convegni, mostre di artigianato ed eventi folcloristici come la sfilata di trattori d\u2019epoca.<br \/>\nLa sagra del Lambrusco di Albinea (2\u00aa\u00a0settimana di giugno) ha il suo momento pi\u00f9 significativo nella mostra dei lambruschi emiliani, con mescita di prodotti tipici. A Cavriago si tiene la fiera del Bue Grasso (4\u00aa domenica di marzo ) con la rassegna dei bovini di antica razza reggiana. A Boretto si svolge la sagra del Po (3\u00aa domenica di giugno), con gare di motonautica, spettacolo pirotecnico e luminarie sul fiume, degustazione di piatti tipici come la cipolla di Boretto. A Reggiolo, infine, festa della Zucca tra la fine di settembre e la prima settimana di ottobre: manifestazioni culinarie incentrate sulla zucca, corteo storico e palio tra i cavalieri delle contrade.<br \/>\nI mercatini dell\u2019antiquariato e del collezionismo sono anch\u2019essi numerosi in tutta la provincia e possono essere a cadenza mensile come quelli di Sant\u2019Ilario d\u2019Enza, la 2\u00aa domenica di ottobre nell\u2019ambito della fiera di Ottobre, oppure a cadenza settimanale nei soli mesi estivi, come quello di Roncolo che si tiene tutti i mercoled\u00ec sera da giugno ad agosto, che richiamano commercianti, collezionisti e appassionati da tutta la regione.<br \/>\nPer tutto l\u2019anno si susseguono eventi di lunga tradizione, seguiti da un numero sempre crescente di appassionati. Dai carnevali di Castelnuovo Sotto o della Corbella a Campagnola, fino alle rappresentazioni storiche come il Corteo Matildico di Quattro Castella alla fine di maggio, oppure in estate a Vetto e Canossa, \u00e8 un susseguirsi di costumi e scenografie tra le pi\u00f9 ricercate ed affascinanti.<\/p>\n<\/div><\/div><\/div><\/div><\/div>\n","protected":false},"excerpt":{"rendered":"","protected":false},"author":1,"featured_media":0,"parent":3014,"menu_order":15,"comment_status":"closed","ping_status":"closed","template":"100-width.php","meta":{"footnotes":""},"class_list":["post-2989","page","type-page","status-publish","hentry"],"_links":{"self":[{"href":"https:\/\/www.larazza.it\/en\/wp-json\/wp\/v2\/pages\/2989","targetHints":{"allow":["GET"]}}],"collection":[{"href":"https:\/\/www.larazza.it\/en\/wp-json\/wp\/v2\/pages"}],"about":[{"href":"https:\/\/www.larazza.it\/en\/wp-json\/wp\/v2\/types\/page"}],"author":[{"embeddable":true,"href":"https:\/\/www.larazza.it\/en\/wp-json\/wp\/v2\/users\/1"}],"replies":[{"embeddable":true,"href":"https:\/\/www.larazza.it\/en\/wp-json\/wp\/v2\/comments?post=2989"}],"version-history":[{"count":0,"href":"https:\/\/www.larazza.it\/en\/wp-json\/wp\/v2\/pages\/2989\/revisions"}],"up":[{"embeddable":true,"href":"https:\/\/www.larazza.it\/en\/wp-json\/wp\/v2\/pages\/3014"}],"wp:attachment":[{"href":"https:\/\/www.larazza.it\/en\/wp-json\/wp\/v2\/media?parent=2989"}],"curies":[{"name":"wp","href":"https:\/\/api.w.org\/{rel}","templated":true}]}}

<div class="fusion-fullwidth fullwidth-box fusion-builder-row-1 fusion-flex-container has-pattern-background has-mask-background nonhundred-percent-fullwidth non-hundred-percent-height-scrolling" style="--awb-border-radius-top-left:0px;--awb-border-radius-top-right:0px;--awb-border-radius-bottom-right:0px;--awb-border-radius-bottom-left:0px;--awb-padding-right:0px;--awb-padding-left:0px;--awb-flex-wrap:wrap;" ><div class="fusion-builder-row fusion-row fusion-flex-align-items-flex-start fusion-flex-content-wrap" style="max-width:1248px;margin-left: calc(-4% / 2 );margin-right: calc(-4% / 2 );"><div class="fusion-layout-column fusion_builder_column fusion-builder-column-0 fusion_builder_column_1_1 1_1 fusion-flex-column" style="--awb-bg-size:cover;--awb-width-large:100%;--awb-margin-top-large:0px;--awb-spacing-right-large:1.92%;--awb-margin-bottom-large:20px;--awb-spacing-left-large:1.92%;--awb-width-medium:100%;--awb-order-medium:0;--awb-spacing-right-medium:1.92%;--awb-spacing-left-medium:1.92%;--awb-width-small:100%;--awb-order-small:0;--awb-spacing-right-small:1.92%;--awb-spacing-left-small:1.92%;"><div class="fusion-column-wrapper fusion-column-has-shadow fusion-flex-justify-content-flex-start fusion-content-layout-column"><div class="fusion-image-element " style="--awb-margin-bottom:2em;--awb-caption-title-font-family:var(--h2_typography-font-family);--awb-caption-title-font-weight:var(--h2_typography-font-weight);--awb-caption-title-font-style:var(--h2_typography-font-style);--awb-caption-title-size:var(--h2_typography-font-size);--awb-caption-title-transform:var(--h2_typography-text-transform);--awb-caption-title-line-height:var(--h2_typography-line-height);--awb-caption-title-letter-spacing:var(--h2_typography-letter-spacing);"><span class=" fusion-imageframe imageframe-none imageframe-1 hover-type-none"><img decoding="async" width="1920" height="1291" title="MERCATO (1)" src="https://www.larazza.it/wp-content/uploads/2023/01/MERCATO-1.jpg" alt class="img-responsive wp-image-2920" srcset="https://www.larazza.it/wp-content/uploads/2023/01/MERCATO-1-200x134.jpg 200w, https://www.larazza.it/wp-content/uploads/2023/01/MERCATO-1-400x269.jpg 400w, https://www.larazza.it/wp-content/uploads/2023/01/MERCATO-1-600x403.jpg 600w, https://www.larazza.it/wp-content/uploads/2023/01/MERCATO-1-800x538.jpg 800w, https://www.larazza.it/wp-content/uploads/2023/01/MERCATO-1-1200x807.jpg 1200w, https://www.larazza.it/wp-content/uploads/2023/01/MERCATO-1.jpg 1920w" sizes="(max-width: 640px) 100vw, 1200px" /></span></div><div class="fusion-text fusion-text-1"><p>Molte sono, nel Reggiano, le feste tradizionali che uniscono il folclore al commercio, la curiosità allo svago.</p>
<p>La sagra di san Prospero a Reggio Emilia, il 24 novembre (festa del patrono), è una ricorrenza molto sentita. All’interno della città, la piazza dedicata al santo, su cui si affaccia la basilica che conserva le sue reliquie, e tutto il centro cittadino si riempiono di bancarelle e di venditori di caldarroste.<br />
La sagra della Ghiara, ancora a Reggio Emilia (1ª settimana di settembre), si svolge davanti al santuario di corso Garibaldi, restaurato in occasione del quarto centenario del miracolo della Ghiara. A contorno, bancarelle e la mostra-mercato dell’artigianato artistico e tradizionale.</p>
<p>L’attrazione principale della fiera autunnale di S. Simone a Montecchio Emilia (26-28 ottobre), è la rassegna dell’antiquariato, che ha raggiunto importanza nazionale. La centenaria fiera di S. Giuseppe, a Scandiano (18-25 marzo), è una mostra campionaria con esposizione di merci, prodotti tipici e antiche macchine agricole. La fiera di S. Michele di Castelnovo né Monti (27-29 settembre), istituita nel settembre del 1741 come fiera di merci e di bestiame, è la più importante manifestazione dell’Appennino reggiano, con la sua tradizionale mostra bovina della razza bruna. La fiera del Parmigiano-Reggiano a Casina (1ª settimana di agosto) ruota attorno alla cottura in piazza di questo formaggio, eseguita da esperti casari con l’ausilio di un’antica macchina a vapore. La fiera ospita anche convegni, mostre di artigianato ed eventi folcloristici come la sfilata di trattori d’epoca.<br />
La sagra del Lambrusco di Albinea (2ª settimana di giugno) ha il suo momento più significativo nella mostra dei lambruschi emiliani, con mescita di prodotti tipici. A Cavriago si tiene la fiera del Bue Grasso (4ª domenica di marzo ) con la rassegna dei bovini di antica razza reggiana. A Boretto si svolge la sagra del Po (3ª domenica di giugno), con gare di motonautica, spettacolo pirotecnico e luminarie sul fiume, degustazione di piatti tipici come la cipolla di Boretto. A Reggiolo, infine, festa della Zucca tra la fine di settembre e la prima settimana di ottobre: manifestazioni culinarie incentrate sulla zucca, corteo storico e palio tra i cavalieri delle contrade.<br />
I mercatini dell’antiquariato e del collezionismo sono anch’essi numerosi in tutta la provincia e possono essere a cadenza mensile come quelli di Sant’Ilario d’Enza, la 2ª domenica di ottobre nell’ambito della fiera di Ottobre, oppure a cadenza settimanale nei soli mesi estivi, come quello di Roncolo che si tiene tutti i mercoledì sera da giugno ad agosto, che richiamano commercianti, collezionisti e appassionati da tutta la regione.<br />
Per tutto l’anno si susseguono eventi di lunga tradizione, seguiti da un numero sempre crescente di appassionati. Dai carnevali di Castelnuovo Sotto o della Corbella a Campagnola, fino alle rappresentazioni storiche come il Corteo Matildico di Quattro Castella alla fine di maggio, oppure in estate a Vetto e Canossa, è un susseguirsi di costumi e scenografie tra le più ricercate ed affascinanti.</p>
</div></div></div></div></div>
